7 and 82?
41
Calculate the highest common divisor of 111 and 481.
37
What is the highest common factor of 442 and 1054?
34
Calculate the highest common factor of 63 and 27.
9
Calculate the greatest common divisor of 18 and 6.
6
What is the highest common divisor of 1242 and 138?
138
Calculate the highest common divisor of 48 and 348.
12
What is the highest common factor of 216 and 54?
54
What is the highest common factor of 6 and 19518?
6
Calculate the greatest common divisor of 3350 and 20.
10
What is the highest common divisor of 61776 and 143?
143
What is the greatest common divisor of 146 and 4307?
73
What is the greatest common factor of 672 and 42?
42
What is the greatest common factor of 95 and 20?
5
Calculate the highest common divisor of 39 and 247.
13
Calculate the greatest common factor of 186 and 5673.
93
What is the greatest common factor of 160 and 92?
4
What is the greatest common divisor of 610 and 50?
10
What is the highest common factor of 33 and 660?
33
Calculate the greatest common divisor of 562 and 13207.
281
Calculate the highest common divisor of 36 and 144.
36
What is the greatest common factor of 2300 and 70?
10
Calculate the greatest common divisor of 1184 and 32.
32
Calculate the greatest common divisor of 1210 and 40.
10
Calculate the highest common divisor of 3519 and 828.
207
What is the greatest common factor of 325 and 200?
25
Calculate the highest common factor of 508 and 1270.
254
What is the highest common factor of 276 and 31648?
92
Calculate the highest common factor of 62 and 1271.
31
What is the greatest common factor of 156 and 117?
39
Calculate the greatest common divisor of 15708 and 204.
204
Calculate the highest common factor of 18 and 198.
18
What is the highest common divisor of 228 and 432?
12
Calculate the greatest common divisor of 333 and 1110.
111
Calculate the greatest common factor of 18 and 9639.
9
Calculate the greatest common divisor of 157 and 1.
1
Calculate the greatest common factor of 89 and 4183.
89
What is the highest common divisor of 68 and 425?
17
What is the greatest common factor of 88 and 16?
8
Calculate the greatest common factor of 180 and 7785.
45
What is the greatest common factor of 80 and 70?
10
What is the highest common factor of 3502 and 34?
34
What is the greatest common divisor of 550 and 100?
50
Calculate the highest common divisor of 371 and 53.
53
What is the highest common divisor of 7 and 721?
7
What is the greatest common factor of 11 and 1?
1
Calculate the greatest common divisor of 28 and 19516.
28
Calculate the highest common divisor of 52 and 324.
4
What is the greatest common divisor of 9744 and 42?
42
Calculate the greatest common factor of 340 and 884.
68
What is the highest common factor of 69 and 99?
3
Calculate the highest common divisor of 42 and 24.
6
Calculate the highest common factor of 70 and 1030.
10
What is the greatest common factor of 72 and 3330?
18
Calculate the highest common divisor of 291 and 776.
97
Calculate the highest common factor of 2160 and 80.
80
What is the greatest common divisor of 40 and 2560?
40
What is the highest common factor of 2590 and 56?
14
Calculate the highest common divisor of 44 and 10758.
22
What is the highest common divisor of 407 and 148?
37
Calculate the greatest common factor of 525 and 168.
21
Calculate the highest common divisor of 192 and 288.
96
What is the greatest common factor of 23 and 943?
23
What is the highest common divisor of 966 and 552?
138
Calculate the highest common divisor of 572 and 352.
44
What is the greatest common factor of 938 and 2546?
134
Calculate the greatest common factor of 11 and 89969.
11
Calculate the highest common factor of 50 and 1150.
50
Calculate the highest common divisor of 90 and 10.
10
What is the highest common factor of 27 and 7965?
27
Calculate the greatest common divisor of 4860 and 15.
15
What is the highest common factor of 279 and 186?
93
What is the greatest common divisor of 2142 and 527?
17
What is the highest common divisor of 30 and 1665?
15
What is the greatest common factor of 9 and 900?
9
Calculate the highest common divisor of 105 and 345.
15
Calculate the highest common divisor of 10 and 19655.
5
What is the greatest common factor of 1073 and 58?
29
Calculate the highest common divisor of 623 and 445.
89
What is the greatest common factor of 125 and 5?
5
What is the highest common divisor of 10 and 66?
2
Calculate the highest common factor of 14 and 105.
7
Calculate the highest common divisor of 564 and 12.
12
What is the highest common factor of 884 and 51?
17
Calculate the highest common factor of 671 and 275.
11
What is the highest common divisor of 14 and 2863?
7
What is the greatest common divisor of 115 and 161?
23
Calculate the highest common factor of 16 and 172.
4
What is the highest common divisor of 406 and 4032?
14
What is the greatest common divisor of 573 and 108?
3
What is the highest common divisor of 3 and 27?
3
What is the highest common factor of 91 and 91?
91
Calculate the greatest common divisor of 16 and 1096.
8
What is the greatest common factor of 2439 and 18?
9
What is the greatest common factor of 58 and 1798?
58
Calculate the highest common factor of 2457 and 182.
91
What is the greatest common divisor of 54603 and 9?
9
Calculate the greatest common factor of 2534 and 35.
7
Calculate the highest common divisor of 40 and 140.
20
What is the greatest common factor of 9 and 132?
3
Calculate the highest common factor of 48 and 108.
12
What is the greatest common factor of 190 and 90?
10
What is the greatest common factor of 308 and 88?
44
What is the greatest common factor of 159 and 5353?
53
Calculate the highest common divisor of 92 and 23.
23
Calculate the highest common factor of 30 and 70.
10
Calculate the greatest common factor of 102 and 68.
34
What is the highest common factor of 161 and 253?
23
Calculate the greatest common factor of 12 and 12.
12
What is the greatest common factor of 1935 and 81?
9
What is the highest common factor of 9499 and 236?
59
What is the highest common factor of 800 and 115?
5
What is the greatest common divisor of 39 and 260?
13
What is the greatest common divisor of 99 and 4224?
33
Calculate the highest common divisor of 1089 and 6.
3
Calculate the greatest common divisor of 72 and 1206.
18
What is the greatest common divisor of 1008 and 63?
63
What is the highest common factor of 1425 and 19?
19
Calculate the greatest common factor of 14058 and 54.
18
What is the highest common factor of 10 and 7710?
10
Calculate the greatest common factor of 1215 and 720.
45
Calculate the highest common divisor of 450 and 100.
50
What is the highest common divisor of 16 and 120?
8
Calculate the greatest common divisor of 130 and 10.
10
What is the greatest common factor of 50 and 17070?
10
What is the highest common factor of 451 and 205?
41
What is the greatest common divisor of 33 and 1485?
33
What is the greatest common factor of 1089 and 44?
11
Calculate the highest common factor of 62 and 2.
2
What is the greatest common divisor of 300 and 45?
15
What is the highest common divisor of 24 and 1464?
24
What is the greatest common divisor of 551 and 19?
19
Calculate the highest common divisor of 473 and 583.
11
What is the highest common factor of 1062 and 118?
118
What is the highest common factor of 715 and 1300?
65
Calculate the greatest common factor of 518 and 14.
14
Calculate the highest common factor of 20 and 2620.
20
Calculate the greatest common divisor of 8 and 1928.
8
Calculate the highest common factor of 3 and 135.
3
Calculate the highest common factor of 210 and 2065.
35
What is the highest common divisor of 225 and 279?
9
What is the highest common factor of 1856 and 192?
64
What is the greatest common divisor of 77 and 175?
7
Calculate the greatest common divisor of 202 and 46.
2
Calculate the greatest common divisor of 1812 and 24.
12
What is the greatest common divisor of 17 and 1870?
17
Calculate the greatest common divisor of 354 and 6313.
59
Calculate the greatest common divisor of 15118 and 2.
2
Calculate the greatest common divisor of 672 and 21.
21
What is the greatest common factor of 11233 and 141?
47
What is the highest common factor of 539 and 11?
11
Calculate the hi